ided by 255?
45
Calculate the remainder when 5964 is divided by 219.
51
What is the remainder when 29993 is divided by 4?
1
Calculate the remainder when 5195 is divided by 1188.
443
Calculate the remainder when 1942541 is divided by 9.
8
What is the remainder when 80837 is divided by 9?
8
What is the remainder when 16568 is divided by 614?
604
What is the remainder when 1244626 is divided by 51?
22
Calculate the remainder when 1255 is divided by 213.
190
Calculate the remainder when 3362 is divided by 1081.
119
Calculate the remainder when 12409 is divided by 1251.
1150
What is the remainder when 64061 is divided by 77?
74
What is the remainder when 3788 is divided by 70?
8
Calculate the remainder when 998190 is divided by 61.
47
Calculate the remainder when 2178 is divided by 1037.
104
Calculate the remainder when 18469 is divided by 18453.
16
Calculate the remainder when 17327 is divided by 113.
38
Calculate the remainder when 107314 is divided by 18.
16
Calculate the remainder when 6025087 is divided by 103.
102
What is the remainder when 39659 is divided by 117?
113
What is the remainder when 704 is divided by 216?
56
Calculate the remainder when 24396 is divided by 2518.
1734
Calculate the remainder when 93974 is divided by 52.
10
What is the remainder when 2751 is divided by 23?
14
What is the remainder when 1009 is divided by 490?
29
Calculate the remainder when 513195 is divided by 12.
3
What is the remainder when 659 is divided by 51?
47
What is the remainder when 2548 is divided by 803?
139
Calculate the remainder when 330558 is divided by 523.
22
Calculate the remainder when 2065367 is divided by 36.
11
What is the remainder when 29012 is divided by 29005?
7
What is the remainder when 1883 is divided by 419?
207
Calculate the remainder when 25798 is divided by 103.
48
Calculate the remainder when 42804 is divided by 10670.
124
Calculate the remainder when 9453 is divided by 39.
15
Calculate the remainder when 26731 is divided by 176.
155
What is the remainder when 11192 is divided by 448?
440
What is the remainder when 26757 is divided by 467?
138
What is the remainder when 148405 is divided by 107?
103
Calculate the remainder when 53846 is divided by 97.
11
What is the remainder when 23485 is divided by 24?
13
Calculate the remainder when 13114 is divided by 187.
24
Calculate the remainder when 30922 is divided by 526.
414
Calculate the remainder when 54810 is divided by 54802.
8
What is the remainder when 850 is divided by 382?
86
Calculate the remainder when 2412 is divided by 1118.
176
Calculate the remainder when 2612 is divided by 126.
92
Calculate the remainder when 2292 is divided by 498.
300
Calculate the remainder when 53716 is divided by 17894.
34
Calculate the remainder when 13957 is divided by 449.
38
What is the remainder when 1333 is divided by 1268?
65
Calculate the remainder when 17318 is divided by 456.
446
Calculate the remainder when 3850 is divided by 385.
0
What is the remainder when 213 is divided by 130?
83
Calculate the remainder when 11971 is divided by 1954.
247
What is the remainder when 14413 is divided by 1437?
43
Calculate the remainder when 18052 is divided by 322.
20
What is the remainder when 31310 is divided by 874?
720
What is the remainder when 25374 is divided by 282?
276
Calculate the remainder when 1226431 is divided by 1177.
1174
Calculate the remainder when 105678 is divided by 5032.
6
What is the remainder when 44523 is divided by 786?
507
Calculate the remainder when 1920 is divided by 620.
60
Calculate the remainder when 5180 is divided by 645.
20
Calculate the remainder when 2974 is divided by 422.
20
Calculate the remainder when 6013798 is divided by 90.
88
What is the remainder when 2260 is divided by 271?
92
What is the remainder when 5251 is divided by 292?
287
Calculate the remainder when 3624 is divided by 13.
10
What is the remainder when 2368 is divided by 291?
40
What is the remainder when 3352 is divided by 2347?
1005
Calculate the remainder when 1423 is divided by 18.
1
Calculate the remainder when 96661 is divided by 22.
15
Calculate the remainder when 488063 is divided by 255.
248
What is the remainder when 1491 is divided by 218?
183
What is the remainder when 435431 is divided by 65?
61
What is the remainder when 9950 is divided by 431?
37
Calculate the remainder when 7601 is divided by 2433.
302
What is the remainder when 7496 is divided by 3741?
14
What is the remainder when 26423 is divided by 978?
17
What is the remainder when 9095 is divided by 2946?
257
Calculate the remainder when 12273 is divided by 166.
155
What is the remainder when 5649 is divided by 1405?
29
What is the remainder when 806662 is divided by 51?
46
Calculate the remainder when 9646 is divided by 3180.
106
What is the remainder when 444 is divided by 203?
38
What is the remainder when 2310 is divided by 1178?
1132
What is the remainder when 518421 is divided by 633?
627
What is the remainder when 12962 is divided by 4224?
290
Calculate the remainder when 55232 is divided by 36.
8
What is the remainder when 7949 is divided by 28?
25
Calculate the remainder when 41603 is divided by 35.
23
Calculate the remainder when 3564 is divided by 116.
84
What is the remainder when 7346 is divided by 210?
206
What is the remainder when 1274 is divided by 2?
0
Calculate the remainder when 212142 is divided by 45.
12
Calculate the remainder when 103772 is divided by 175.
172
What is the remainder when 30622 is divided by 72?
22
What is the remainder when 64446 is divided by 50?
46
Calculate the remainder when 1709 is divided by 9.
8
What is the remainder when 53062 is divided by 47?
46
What is the remainder when 24181 is divided by 4022?
49
Calculate the remainder when 274 is divided by 19.
8
Calculate the remainder when 1563 is divided by 235.
153
Calculate the remainder when 1075 is divided by 136.
123
What is the remainder when 650938 is divided by 59175?
13
Calculate the remainder when 650018 is divided by 7.
5
Calculate the remainder when 74610 is divided by 21.
18
What is the remainder when 2653 is divided by 655?
33
Calculate the remainder when 47383 is divided by 43.
40
What is the remainder when 10059 is divided by 197?
12
What is the remainder when 1261 is divided by 412?
25
Calculate the remainder when 1687 is divided by 755.
177
What is the remainder when 5605 is divided by 22?
17
Calculate the remainder when 5154 is divided by 1030.
4
Calculate the remainder when 5423967 is divided by 352.
351
What is the remainder when 4059 is divided by 61?
33
Calculate the remainder when 2642735 is divided by 159.
155
Calculate the remainder when 1722 is divided by 569.
15
What is the remainder when 4173 is divided by 2066?
41
Calculate the remainder when 24068 is divided by 11871.
326
What is the remainder when 708 is divided by 290?
128
What is the remainder when 54895 is divided by 12?
7
What is the remainder when 2279 is divided by 70?
39
Calculate the remainder when 8217 is divided by 108.
9
What is the remainder when 3184 is divided by 148?
76
What is the remainder when 1536 is divided by 495?
51
Calculate the remainder when 627806 is divided by 85.
81
Calculate the remainder when 287730 is divided by 5138.
2
What is the remainder when 9664 is divided by 54?
52
What is the remainder when 184356 is divided by 16?
4
What is the remainder when 26239 is divided by 13116?
7
What is the remainder when 645 is divided by 5?
0
What is the remainder when 317 is divided by 83?
68
What is the remainder when 48311 is divided by 47?
42
Calculate the remainder when 4304 is divided by 2059.
186
Calculate the remainder when 10533 is divided by 5263.
7
Calculate the remainder when 94995 is divided by 31640.
75
What is the remainder when 167676 is divided by 49?
47
Calculate the remainder when 7955 is divided by 67.
49
Calculate the remainder when 60923 is divided by 1692.
11
What is the remainder when 2456 is divided by 244?
16
What is the remainder when 5137 is divided by 1686?
79
Calculate the remainder when 15175 is divided by 345.
340
What is the remainder when 11709 is divided by 10?
9
What is the remainder when 34443 is divided by 4918?
17
Calculate the remainder when 4748 is divided by 106.
84
Calculate the remaind